{"id":8,"date":"2024-06-03T14:35:26","date_gmt":"2024-06-03T14:35:26","guid":{"rendered":"https:\/\/coopepococicr.com\/?page_id=8"},"modified":"2024-06-03T15:22:40","modified_gmt":"2024-06-03T15:22:40","slug":"empresa","status":"publish","type":"page","link":"https:\/\/coopepococicr.com\/index.php\/empresa\/","title":{"rendered":"Cooperativa"},"content":{"rendered":"<p><strong>Actividad Comercial: <\/strong>Venta de productos agropecuarios y veterinarios<br \/>\n<strong>Tel\u00e9fono: <\/strong>+(506) 2710-6351<br \/>\n<strong>WhatsApp: <\/strong>+(506) 8544-1633<br \/>\n<strong>Sitio web: <\/strong>\u00a0<a href=\"https:\/\/coopepococicr.com\/\">https:\/\/coopepococicr.com\/<\/a><br \/>\n<strong>Correo Electr\u00f3nico: <\/strong>info@coopepococicr.com<br \/>\n<strong>Distrito:<\/strong>\u00a0Gu\u00e1piles<br \/>\n<strong>Direcci\u00f3n:<\/strong>\u00a0Frente a la Estaci\u00f3n de Bomberos, Gu\u00e1piles Pococ\u00ed.<\/p>\n","protected":false},"excerpt":{"rendered":"<p>Actividad Comercial: Venta de productos agropecuarios y veterinarios Tel\u00e9fono: +(506) 2710-6351 WhatsApp: +(506) 8544-1633 Sitio web: \u00a0https:\/\/coopepococicr.com\/ Correo Electr\u00f3nico: info@coopepococicr.com Distrito:\u00a0Gu\u00e1piles Direcci\u00f3n:\u00a0Frente a la Estaci\u00f3n de Bomberos, Gu\u00e1piles Pococ\u00ed.<\/p>\n","protected":false},"author":1,"featured_media":0,"parent":0,"menu_order":0,"comment_status":"closed","ping_status":"closed","template":"","meta":{"footnotes":""},"class_list":["post-8","page","type-page","status-publish","hentry"],"_links":{"self":[{"href":"https:\/\/coopepococicr.com\/index.php\/wp-json\/wp\/v2\/pages\/8","targetHints":{"allow":["GET"]}}],"collection":[{"href":"https:\/\/coopepococicr.com\/index.php\/wp-json\/wp\/v2\/pages"}],"about":[{"href":"https:\/\/coopepococicr.com\/index.php\/wp-json\/wp\/v2\/types\/page"}],"author":[{"embeddable":true,"href":"https:\/\/coopepococicr.com\/index.php\/wp-json\/wp\/v2\/users\/1"}],"replies":[{"embeddable":true,"href":"https:\/\/coopepococicr.com\/index.php\/wp-json\/wp\/v2\/comments?post=8"}],"version-history":[{"count":3,"href":"https:\/\/coopepococicr.com\/index.php\/wp-json\/wp\/v2\/pages\/8\/revisions"}],"predecessor-version":[{"id":54,"href":"https:\/\/coopepococicr.com\/index.php\/wp-json\/wp\/v2\/pages\/8\/revisions\/54"}],"wp:attachment":[{"href":"https:\/\/coopepococicr.com\/index.php\/wp-json\/wp\/v2\/media?parent=8"}],"curies":[{"name":"wp","href":"https:\/\/api.w.org\/{rel}","templated":true}]}}